-5) + 7).
-5
What is the value of -8 + -5 + 9 - 5?
-9
What is the value of 1 + 5 - (32 + -29)?
3
Calculate -5 - (-6 + (14 - 2)).
-11
Evaluate -4 - (-3 + (2 - (1 - 0))).
-2
(4 - 0) + -4 + -4
-4
What is 15 + -11 - (1 + -1)?
4
(-4 - 1) + (2 - 1)
-4
Calculate 0 - -4 - (5 + -10 + 6).
3
Calculate 5 - 7 - (-1 + 1 + -5).
3
What is the value of -1 + -1 + 15 + -4?
9
What is the value of 15 + -9 + -18 - -7?
-5
(-9 + 1 + 6 - 0) + 6
4
Calculate -9 + -1 + 2 + 1.
-7
What is -5 - -3 - (-1 + -2)?
1
Evaluate 2 - (6 + -5 + (4 - 10)).
7
What is the value of -5 + 2 + 8 + -1?
4
What is -4 - (4 + -12 + 0)?
4
Evaluate 2 - (-2 + (-12 - -9)).
7
What is 1 + -9 - (10 + -14 + 0)?
-4
What is the value of -5 + -1 + -2 - -11?
3
Evaluate -12 + 1 + 9 + -5 + -1.
-8
Calculate (-9 - -12) + (1 - 6).
-2
Evaluate -7 + 1 + 1 + (1 - 1).
-5
Evaluate -6 + (2 - -1 - -2).
-1
Calculate (-7 - 3) + 1 - -3.
-6
What is the value of (1 - 2) + -5 + (1 - -1)?
-4
What is the value of 2 + -2 - (-1 - -2 - 7)?
6
What is (2 - 7) + -3 + 1 + 2?
-5
What is (-4 + -3 - -19) + -6?
6
What is the value of 9 + -1 + 5 + -5 + -4?
4
What is the value of -9 - (-7 + (3 - 15))?
10
What is the value of 1 + -2 - ((1 - -3) + -7)?
2
What is (15 - 13) + (-1 - -8)?
9
What is the value of -7 + 5 - (4 + -2)?
-4
What is the value of -3 + 9 + 1 + -7?
0
Calculate (-2 + -2 - (0 + 0)) + 2.
-2
What is -6 + 1 - -1 - -3?
-1
Evaluate -11 + 13 + 0 + 6.
8
Evaluate (6 - 2) + -3 - (-5 + 1).
5
What is the value of 4 - (5 + 7 + -5)?
-3
0 + -1 + -10 + 12
1
What is -4 - -2 - -1 - (15 - 11)?
-5
-2 - (-3 + (5 - 0))
-4
7 - 3 - (5 - 1)
0
0 + -5 + -3 + 3
-5
Evaluate 6 - (0 + (4 - 1)).
3
2 - -2 - (-1 + 1)
4
What is -6 + (9 - 4) + 8?
7
Evaluate (84 - 77) + (0 - (2 + -1)).
6
What is 2 - (0 + 1) - 1 - -5?
5
What is the value of 8 - (0 + 6 - (-12 - -13))?
3
Evaluate -1 + (-5 - (5 + (5 - 15))).
-1
-3 + -2 + -1 + 2
-4
13 + (-1 - (3 - -2))
7
Calculate 1 - (-3 - 2 - -2).
4
Evaluate 4 - (-2 + 3) - (2 + 2).
-1
Evaluate -2 + -1 + -3 + 2 + -2.
-6
What is the value of -24 - -19 - (-1 + 1 - 9)?
4
What is the value of -5 - (2 - -1) - -5?
-3
Evaluate (28 - 39) + -2 + 20.
7
What is -1 + 3 + (71 - 73)?
0
8 - (1 + 7) - 3
-3
What is 0 + -5 + 5 + -2?
-2
-18 - (-15 + 7) - -3
-7
(-3 - (-4 - 0)) + -1
0
(-5 - 4) + 4 - -3
-2
What is -11 - -4 - (-5 + 3)?
-5
(-3 - 6 - -1) + 5
-3
Evaluate 13 + (-11 - (-4 - 2)).
8
1 + (-3 - (2 - 1))
-3
What is (-9 - -4) + 10 + -4?
1
Calculate -8 + 4 - (0 - 1).
-3
Calculate (-4 - -8) + -5 + 0.
-1
(10 - 7) + -5 - 4
-6
Calculate (-10 - -7) + 8 + -3.
2
What is -1 - (1 - -2 - (1 - 0))?
-3
(-2 - 10) + 4 - (-2 + -2)
-4
What is -16 + 15 + -2 + -2?
-5
What is -6 - -1 - (5 - (13 - 3))?
0
Calculate 0 - ((2 - 4) + 2).
0
What is the value of 26 + -31 + 0 + -2 - -4?
-3
Calculate (-14 - -3) + 11 - -7.
7
Calculate (-2 - -8) + (9 - 12) + -3.
0
What is (-4 - 6) + 3 + 4?
-3
What is the value of (10 - 6) + 1 + -5?
0
What is -5 + 0 + (2 - 1) + 2?
-2
What is the value of 4 + 6 + -7 + 2 + -12?
-7
Calculate 1 + (5 - (-1 - -4)).
3
Evaluate (5 - 0 - -7) + 2 + -7.
7
What is (-4 - -6) + (2 - (1 + -2))?
5
Calculate -2 - (0 + -4) - (-107 + 103).
6
-15 + ((-1 - -6) + 1 - 0)
-9
Calculate -1 - 4 - (3 + (-5 - 0)).
-3
Evaluate (4 + -2 - 3 - -4) + -4.
-1
What is 11 + (-26 - -7) + 13?
5
What is the value of -5 - (2 + (1 - (4 - 1)))?
-5
Calculate (4 - 4) + 1 - (-1 - 3).
5
1 + 2 - (34 - 37) - 3
3
-7 - (-9 - (-5 + 7))
4
Evaluate -3 + (8 - 3 - -6).
8
0 + 5 + 1 + (5 - 8)
3
What is the value of 3 - (5 - 2) - -6 - 12?
-6
What is (-4 - -4 - 8) + -2 + 6?
-4
-4 + 12 - (-1 - -4)
5
What is 5 + -7 + 3 + -2?
-1
What is the value of (11 - 7) + (-5 - (-1 + 0))?
0
What is the value of 1 - (-3 - -8 - 7)?
3
Evaluate 4 + 0 - (-14 - -14).
4
Evaluate 1 + 0 + 2 + (-7 - -4).
0
(3 - 0) + (3 - 10) - -3
-1
Calculate 10 + (-14 - (-1 - 8)).
5
What is 2 - (-9 - -2 - -2)?
7
Calculate -5 + (1 - 8) + 8.
-4
What is -6 + (3 - (8 - 6) - 1)?
-6
Evaluate -3 + 1 + -9 + 9 + -1.
-3
What is the value of 1 - (-1 + (3 - 5) + 4)?
0
Calculate 0 + 0 + (-2 - -2).
0
What is the value of 6 + (-4 - (0 + -3))?
5
1 - ((3 - (-3 - -8)) + 3)
0
Evaluate -1 + 4 + 3 - (3 - 0).
3
What is -6 + 5 - (-2 - 2)?
3
-7 + 0 + 39 + -32
0
What is the value of -7 + (-4 - (-9 + 4))?
-6
1 + -2 - 5 - (-7 + -6)
7
Evaluate 2 + 0 + -4 - -1.
-1
Calculate 9 - (4 + (4 - 5)) - 3.
3
Calculate 12 - (-9 + 21 + -4).
4
Evaluate -3 - 1 - (3 + -2 + -1).
-4
Evaluate 4 + (4 - 11) + 5.
2
Calculate -2 + (8 - (5 + 0)).
1
(-6 - 0) + 0 - (-493 - -490)
-3
1 + -1 + 2 + -7 - -1
-4
Calculate -5 + 5 - -6 - 4.
2
7 + -9 + (-4 - (-4 - 3))
1
Evaluate 10 - 1 - 8 - -4.
5
Calculate -3 - 2 - (-2 + -2) - 4.
-5
What is the value of 6 - (-5 + (1 - -16))?
-6
What is the value of (5 - (1 + -2)) + 0 + -15?
-9
Evaluate -2 - (-5 - (-4 + 1 - 4)).
-4
Evaluate (5 - 2 - 3) + 6 + -2.
4
Calculate -6 + (-3 - (4 - 10)) + 2.
-1
(4 - (-7 + 7)) + -7
-3
-5 + (0 - 5 - -9)
-1
Evaluate 31 + -5 + -16 + (0 - 0).
10
-2 + (-1 - (4 - 2))
-5
What is 1 + (-1 - -1 - (-9 + 10))?
0
What is -5 + 4 + -9 - -2 - -4?
-4
Evaluate -11 + 24 - (1 + 3).
9
What is the value of (-1 - 6) + 3 - (4 + -5)?
-3
-5 - (-12 - -4) - 3 - 11
-11
Calculate -15 + 14 + (6 - 1).
4
Evaluate -3 + 3 + 3 + 0.
3
What is the value of 2 + (-1 - 0) + 0?
1
What is 12 - (2 - (-5 + -4))?
1
-4 - ((1 - 1) + (15 - 18))
-1
What is -1 - (-3 + 11 - 12)?
3
-1 + -2 + 6 + -4
-1
What is the value of -1 - 1 - (-12 + (2 - -7))?
1
Calculate 1 + -5 + 0 - 1.
-5
What is -1 + (0 - -2) - -2?
3
What is the value of (-3 - (-3 + 2)) + 2?
0
Calculate -2 + (7 - 8) + (3 - -2).
2
What is the value of (-4 - 2) + -2 + (0 - -5)?
-3
Calculate -2 + -2 + -6 + 12.
2
-2 - (3 + -1) - -8
4
Evaluate -2 - (5 + (-6 - (-5 + 3))).
-3
Calculate -1 - (1 + (0 - 2)).
0
What is the value of (-6 - -14) + -7 + (-2 - 1)?
-2
Evaluate 2 + -4 - (2 + 1 + -7).
2
5 + 6 + (-2 - (9 + -5))
5
4 + -6 + (-4 - (-4 + 2))
-4
Calculate (1 - (-1 - 2)) + -6.
-2
What is the value of -4 + -7 + (11 - 2)?
-2
4 + -3 + 7 + -13
-5
What is the value of 2 - (-6 + 8 + 0)?
0
5 + -17 + 6 - -12
6
What is 48 + -51 - (-7 - 0)?
4
Calculate (-4 - (7 + -17)) + 0 + -5.
1
Calculate (-1 - 0) + (1 - -4).
4
What is 2 - ((7 - 2) + -2 + -3)?
2
What is -11 + (-2 - -5 - (30 - 33))?
-5
Evaluate 6 + -18 + (3 - -16).
7
What is 2 + (7 - 2 - 7)?
0
What is 0 + (4 - 2 - (2 - 0))?
0
Evaluate (-3 - 2) + (9 - 7) + -3.
-6
-1 - -1 - 0 - (28 - 25)
-3
What is 2 - (7 + -7 + 1 + 2)?
-1
What is (-4 - -4) + 1 + -5?
-4
What is -2 + -1 - (29 - 33)?
1
What is the value of (-3 - -2) + 7 + (-26 - -23)?
3
Calculate (-5 - 1) + (-1 - -10 - 5).
-2
0 - -1 - (1 - (-2 + 6))
4
What is the value of (-10 + 5 - 10) + 7?
-8
Evaluate 2 - (-1 + 1 + 4 - 7).
5
Calculate 10 + -22 + 3 - -6.
-3
Calculate 5 + 6 + -2 + -15 + 10.
4
3 + 3 + 1 + -4
3
Calculate 6 + 1 - (25 + -23).
5
Calculate 1 + (-9 - (-7 + 3 - -3)).
-7
Calculate 9 + 3 + -5 + (-15 - -18).
10
What is the value of (-8 - (-7 - 2)) + -7?
-6
2 + (-5 - -2 - -2)
1
What is (-6 - -5) + (2 - 0)?
1
Calculate 5 - (17 + -14 + 6).
-4
Calculate -12 + 5 + 12 - 8.
-3
Evaluate (8 - 2) + -3 - 4.
-1
Calculate 19 - 20 - ((5 - -1) + -1).
-6
What is the value of 1 + (-1 - 4 - -4)?
0
What is the value of -2 + 4 + -3 + 0 + 2?
1
What is the value of -3 - (-4 - (6 + -8))?
-1
Calculate 1 + -3 + (1 + 6 - 6).
-1
Calculate 3 + -15 - (12 - 19).
-5
What is -4 + -3 - (1 + -5)?
-3
-6 + (1 - (7 - 7))
-5
What is the value of 2 + (4 - ((5 - 5) + 1))?
5
What is -5 + (13 - 4) + -8?
-4
What is the value of -1 + 3 + (-5 - -1)?
-2
What is the value of 11 + -15 - (-1 + -1)?
-2
Evaluate -2 - (-1 - (4 - 2) - -5).
-4
Evaluate 2 - -3 - (15 + -5).
-5
Calculate 7 - 3 - (-2 + 1 + 5).
0
What is (2 - -2 - (0 + 5)) + 3?
2
What is the value of -5 - (-5 - 1) - (1 + 3)?
-3
Evaluate (6 + -2 - 1) + -1.
2
What is (-5 - (2 - 5)) + 4?
2
-4 + 1 - (7 - 10)
0
(-4 - -3) + 7 - 5
1
Evaluate -1 + 0 + -3 + 6.
2
Calculate (0 - (3 + -2)) + (5 - 8).
-4
Evaluate -1 - (-18 - -1 - -9) - 15.
-8
(5 - 2) + 8 + -7
4
-3 - (2 - (6 + -3 + -2))
-4
-3 + 3 + -2 + 5
3
Calculate 5 + -7 + -10 - -11.
-1
2 + 3 + -2 + (-4 - -1)
0
0 + -6 - -3 - (-5 - -2)
0
What is the value of 4 - (5 + -5 - -4) - 8?
-8
Calculate -15 + 21 + 5 + -13.
-2
Calculate 2 + (-5 - -13) - 4.
6
What is the value of (12 - 11) + (0 - -2)?
3
Evaluate -3 - (-7 + 3 + 0 + 1).
0
What is the value of 2 + -3 - (4 + 0 + -1)?
-4
What is the value of -1